(3 + 0). Suppose -h + c = 2. What is the units digit of 39*5/2 - h/(-2)?
8
Let i = -14354 - -33931. What is the ten thousands digit of i?
1
Let z = 3507 - -2643. Suppose -95*c + 89*c = -z. What is the thousands digit of c?
1
Let t = 5198 - 822. What is the hundreds digit of t?
3
Suppose -213696 = -92*s + 56*s. What is the tens digit of s?
3
Let d(z) be the third derivative of z**5/10 - 5*z**4/12 - 19*z**3 + 2*z**2 - 78*z. What is the tens digit of d(15)?
8
Let b be ((-84)/18)/((-602)/(-606) - 1). Let s = 1133 - b. What is the tens digit of s?
2
Let f = 274 - 271. What is the tens digit of (-477)/(-6)*(6 + f + -1)?
3
Let n(s) = 73*s**2 - 3*s + 57. Let q be n(16). Suppose q = 27*c - 24584. What is the thousands digit of c?
1
Let a(j) = -j + 18. Let m be a(10). Let f(p) = 3 + 2*p + 3*p**2 - 3*p + m*p**2 - 2*p**2. What is the units digit of f(-2)?
1
Let v(u) = 5417*u + 3. Let h be v(-1). Let t be h*4/(-56) + (-2)/(-7). Suppose 4*l - t = -143. What is the tens digit of l?
6
Let r = 64 - 150. Let z be r/30 + -3 + 43/15. What is the units digit of (318/9)/((-1)/z)?
6
Let l(j) = -j**3 + 58*j**2 - 105*j - 66. What is the ten thousands digit of l(25)?
1
Suppose 2*d = 5*b + 4433, 40*d - 36*d + 2*b - 8878 = 0. What is the units digit of d?
9
Suppose 3*o + 5468 = -4*t, -2734 = -4*t + 6*t + 5*o. Let u = t - -2155. What is the units digit of u?
8
Suppose -89706 - 45526 = -32*q. What is the units digit of q?
6
Let v = -864 + 869. Let s be (-1 + 2)*(0 - -5). Suppose 4*b - s*b + q + 87 = 0, -4*q + 426 = v*b. What is the tens digit of b?
8
Let t(v) = v**2 + 951. Suppose 5*i - 18 + 34 = -4*b, 0 = i - 3*b - 12. What is the tens digit of t(i)?
5
Suppose 13*o - 4424 = -o. Suppose 0*t + t - 3*d = 12, 0 = -3*t + 3*d + 60. Suppose t*s - 28*s + o = 0. What is the units digit of s?
9
Let w be (-288)/(-153) + 2/17. Suppose -5*q + w + 23 = 0. Suppose -3*f - 5*v + 6*v = -193, -v + q = 0. What is the units digit of f?
6
Let w = 3 + 1. Suppose w*r - 7 = -2*j - 1, -r - 3*j - 1 = 0. Let t = r + 56. What is the units digit of t?
8
Suppose 4*t - 7*t = -48. Suppose -3*b = -t*b + 3146. What is the hundreds digit of b?
2
Let f = 123466 - 84704. What is the tens digit of f?
6
Let j = -230 - -1320. Suppose u - 5*d + 98 = 379, 4*u - 3*d = j. What is the units digit of u?
1
Suppose -10*g + 144 = 2*g. Suppose 435 = g*y - 7*y. What is the units digit of y?
7
Suppose -27267 = -3*w + 18*l - 19*l, 0 = 5*l. What is the hundreds digit of w?
0
Let s(p) = 329*p + 68. What is the units digit of s(2)?
6
Let j(m) = -13*m**2 + m + 36. Let a(y) = -15*y**2 + y + 36. Let l(q) = -6*a(q) + 7*j(q). What is the units digit of l(6)?
6
Suppose 41*k + 4793 = b + 36*k, -b + 4781 = -k. What is the thousands digit of b?
4
Suppose -316 = 5*y + 3*z, 2*y + 145 = 7*z - 2*z. What is the tens digit of 8/10 - 3913/y?
6
Let y(j) = 45*j**2 + 375*j + 66. What is the tens digit of y(-21)?
3
Suppose -2212 = -28*h + 71*h - 127256. What is the units digit of h?
8
Suppose 70*o = 65*o - 2*b + 58993, -4*o - 2*b = -47196. What is the hundreds digit of o?
7
Suppose 4 = 4*n, -3*p = -4*n + 24 + 13. Let s(x) = -110*x + 139. What is the hundreds digit of s(p)?
3
Suppose -2*o = -2*n - 4452, -3*o + 5*n + 7680 - 996 = 0. What is the tens digit of o?
2
Let s be 669*(12/27)/((-14)/21). Let o = -212 - s. What is the units digit of o?
4
Let h(y) = -2 + 13*y**3 + 16*y**2 - 2 + 12*y - 12*y**3 - 1. Let i be h(-14). Suppose 0*t = -4*t + 4*n + 408, -2*t - 3*n + i = 0. What is the units digit of t?
5
Suppose 243 + 41 = -2*y - 2*j, 5*y = 4*j - 728. Let w = 281 - y. What is the tens digit of w?
2
Let h = -16 + 19. Let z be 108/81 + (-7)/h. What is the tens digit of -42*-1*z/(-2)?
2
Let q(u) = -3*u**3 - 2*u**2 - 5*u - 3. Let j be q(-1). What is the tens digit of (8*j/(-6))/((-4)/186)?
8
Let b(r) = -12*r - 24. Let j(s) = s - 5. Let y be j(7). Suppose -y*v = 15 + 5. What is the tens digit of b(v)?
9
Let a(w) = -540*w + 3325. What is the hundreds digit of a(-5)?
0
Suppose -3471 = -15*v + 9879. What is the tens digit of v?
9
What is the tens digit of 9979/((1 - 3)/(-2)) - (-17 - -17)?
7
Let q = -635 - -1044. Let c = 690 - q. What is the tens digit of c?
8
Suppose 10049 = 49*r - 48*r + 2*q, 0 = -r - q + 10055. What is the ten thousands digit of r?
1
What is the units digit of 62/(-620) - 195273/(-30)?
9
Let i be (49 - 47)/(-1 - (-11)/9). Suppose -10*a = -i*a - 2. What is the tens digit of -3 + a + 36 + -1?
3
Let p(v) = 990*v + 2098. What is the thousands digit of p(22)?
3
Let t(f) = -401*f + 2563. What is the ten thousands digit of t(-42)?
1
Let h(t) = -155*t + 60 - 144*t + 1 + 284*t. Let y be 15/1*8/(-24). What is the tens digit of h(y)?
3
Let d = 3571 - 2029. Let z = d - 599. What is the hundreds digit of z?
9
Let v(m) be the first derivative of -m**4/2 - 7*m**3/3 - 10*m - 8. Let c be v(-7). Suppose 14*w - c = 5*w. What is the tens digit of w?
3
Let o(i) = 5*i + 53. Suppose -3*y - 2*w - 55 = 2*y, -w = 3*y + 34. Let s be o(y). Let a = 24 - s. What is the units digit of a?
6
Let s = 4517 - 1382. What is the thousands digit of s?
3
Suppose t + 1997 = 2*f - 4*t, 4*f - 3*t = 3959. Suppose 0 = -2*j - 4*k + 982, 2*k + f = 2*j + 5*k. What is the hundreds digit of j?
4
Let o = -21493 - -97003. What is the units digit of o?
0
What is the tens digit of -12*8276*3/(-144)?
6
What is the tens digit of (843 + -3)*(-98)/(-35)?
5
Let b = -22020 + 43612. What is the units digit of b?
2
What is the units digit of ((1474616/91)/(-22))/(4/(-14))?
8
Let g(n) = n**3 + 20*n**2 + 20*n + 21. Suppose 8*y + 68 = 4*y + 4*c, -5*c + 9 = -y. Let b be g(y). What is the hundreds digit of 213 - (-2 + b + -1)?
2
Suppose -18*r + 13*r + 3435 = 0. Suppose -2*f + r - 123 = 0. What is the hundreds digit of f?
2
Let v(r) = 11*r**2 - 108*r + 628. What is the hundreds digit of v(-57)?
5
Let a = 1 - 0. Let q(n) = 450*n**3 - n**2 + 6*n - 4. What is the tens digit of q(a)?
5
Suppose -24601 + 238502 = x + 5*z, 3*x + 5*z = 641683. What is the tens digit of 2/(-5) + x/415?
1
Let o = -41 + 71. Let t be 30/8 - (-2)/8. Suppose -o - 122 = -t*a. What is the tens digit of a?
3
Suppose 8 = -5*s - p, 0*s - s + 5*p = -14. Let w be 60 + s + 4 - -1. Suppose 3*l = 3*k - 4*k + w, 3*l = -2*k + 125. What is the tens digit of k?
6
Let o(t) = 24*t - 117. Let r be o(5). Suppose -5*p + 63 = -r*m - 103, -2*m - 4 = 0. What is the units digit of p?
2
Suppose -2*u = -5*m - 10952, 2*m + 2*m = 5*u - 8765. Let a = m - -3807. What is the hundreds digit of a?
6
Let q = 50404 - 11833. What is the units digit of q?
1
Let z = 634 + -411. Let g = 112 - z. Let l = g - -236. What is the hundreds digit of l?
1
Suppose -2*g = -4*g + 68. Suppose -1120 + 3126 = g*u. What is the units digit of u?
9
Suppose -45*p = -40*p - 1780. Suppose -p = -j + 5*m - 4*m, j + 2*m - 350 = 0. What is the hundreds digit of j?
3
Let t(u) = -3669*u - 4583. What is the tens digit of t(-10)?
0
Let c = 256 + 39. Let g = c - -405. What is the units digit of g?
0
Suppose -4*k - 23 = -w, -2*w - 8 + 51 = -5*k. Let g(a) = 10*a. Let b be g(w). Suppose -n - 2*n = -5*c + b, 3*n = -c + 56. What is the tens digit of c?
4
Suppose -343 = 2*w + 45. Let x = w - -327. Suppose 0 = -7*r + 1015 + x. What is the tens digit of r?
6
What is the hundreds digit of (-2 + 15183/(-4))/(168/(-32) - -5)?
1
Let y(u) = 4 + 3*u + 2*u + 4*u + u**3 - 5*u**2. Let c be y(8). Suppose 5*b = f - 52, c = 3*f + f - 5*b. What is the units digit of f?
2
Suppose -3*b = -15, -6*f + 43 = -3*f - b. Suppose f*y = 879 + 1505. What is the units digit of y?
9
Suppose 0 = -4*k, 3*g + 10*k = 14*k + 12582. What is the thousands digit of g?
4
Suppose 2*o - 14 = -4*f, f - 49 = -3*f + 5*o. Suppose f = -2*i + i. Let v(k) = -14*k + 18. What is the units digit of v(i)?
2
Let n(h) = 3*h**2 - 89*h + 12. What is the thousands digit of n(41)?
1
What is the hundreds digit of 16/24 - ((-31970)/15 - -5)?
1
Let j = 56139 + -39223. What is the thousands digit of j?
6
Let c(b) = b**3 + 71*b**2 - 43*b - 247. What is the thousands digit of c(-71)?
2
Let g(l) be the first derivative of -l**4/2 + l**2 + 11*l - 7. Let k be g(-5). Let n = 391 - k. What is the units digit of n?
0
Let l be -4 - 300/(2 + 4). Let a = l - -455. What is the hundreds digit of a?
4
Suppose 5 - 11 = 2*h, 0 = 2*a - 3*h - 1151. Let i = a - -144. What is the un